))/(d/(-4)).
37
Suppose 3*h = 5*c - 31, c = -4*c + h + 27. Suppose -111 = -2*j + 2*k - 19, 3*j - 128 = c*k. List the prime factors of j.
3, 17
Let z = 20 + -4. Suppose -2*s = 2*s - 4*f, s - 5*f = -z. Let w = 17 - s. What are the prime factors of w?
13
Suppose -4 = p - 0*u - 2*u, -p - 2*u = -4. Let w(l) = -4*l + 11*l**2 + 4*l**2 + p*l**2 - 5*l**2 - 2. List the prime factors of w(-2).
2, 23
Let j = 143 + -279. Let t = -73 - j. What are the prime factors of t?
3, 7
Suppose 5*k - 96 = -1. Let m = -6 + k. Let c = 42 + m. List the prime factors of c.
5, 11
What are the prime factors of (130 - 3772)/(-2 - 2/(-4))?
2, 607
Suppose 3*v - 2311 = -481. Suppose 5*x + 0*x - v = 0. Suppose -x = -8*r + 14. What are the prime factors of r?
17
Let w(b) = 5*b**2 + 0*b**3 + 5*b**2 - b**3 - 4*b + 4 - 2. List the prime factors of w(9).
47
Let u be ((-30)/(-4))/(3/(-78)). What are the prime factors of u/(3 - 8) + -2?
37
Suppose -30 = -3*q + 6. Suppose -3*g = -q, 5*m - 2*m + g - 229 = 0. Suppose 0 = 6*z - 3*z - m. List the prime factors of z.
5
Let q(s) = 2*s**3 + 16*s**2 + 9*s + 6. Let a be q(-6). Suppose 3*r = 3*o - 18, 0 = 4*o - 5*r - 24 - 2. Suppose o*l = l + a. What are the prime factors of l?
2
Suppose 11*u - 29779 = -2950. List the prime factors of u.
3, 271
Suppose -36*o = -27*o - 1989. List the prime factors of o.
13, 17
Suppose 5*i - 21 + 6 = 0. Suppose 5*r - 27 = i. List the prime factors of r.
2, 3
Let m(q) = -1 - 13 + 7 + 8*q. Let w(c) = -4*c + 4. Let a(z) = -3*m(z) - 5*w(z). List the prime factors of a(-2).
3
What are the prime factors of 296/(-222) - 31526/(-6)?
3, 17, 103
Suppose -86 = q - 282. Let f = q - 54. List the prime factors of f.
2, 71
Suppose 5*m - 8817 = 11448. What are the prime factors of m?
3, 7, 193
Let v be (-836)/(-8) - (-1)/2. Suppose -2*a - v = -5*f + a, 5*f = a + 95. Let y = f + -3. What are the prime factors of y?
3, 5
Suppose -3*f - 889 = 5*j, 4*j - f + 6*f + 719 = 0. Let v = 333 + j. List the prime factors of v.
157
Let o(c) = 2*c**2 - 6*c + 4. Let h be o(3). Let u(m) = m**3 - 3*m**2 - 3*m - 4. Let a be u(h). What are the prime factors of (a - -10) + 2 + 1?
13
Let s(a) = -22*a**3 + 2*a**2 + 3*a + 1. What are the prime factors of s(-2)?
179
Let j(b) = 63*b**2 - 59*b - 26. What are the prime factors of j(5)?
2, 3, 11, 19
Suppose 64*j = 71*j - 3269. List the prime factors of j.
467
Let c be (-1)/3 - (-105)/(-9). Let u = c + 15. List the prime factors of u.
3
Let a(v) = v**3 - 6*v - 1. Let u be a(3). Let w(t) = 10*t - 4. What are the prime factors of w(u)?
2, 19
Let w(m) = -11*m**2 - 218*m + 65. What are the prime factors of w(-20)?
5
Suppose 0*q - 2*b + 2465 = 3*q, 3*q - 2453 = b. Suppose 4*l = q + 97. What are the prime factors of l?
229
Suppose -2*w + 71 = s - 30, 3*s + w - 318 = 0. Suppose -5*h + 3*v + s = 0, h - 15 = -0*h - v. What are the prime factors of h?
19
Let d = 6 + -1. Let j = -126 + 227. Suppose -3*c - d = -j. List the prime factors of c.
2
Suppose 2*g = 10 - 0, -4*j = 3*g + 981. What are the prime factors of j*(0 - 5/15)?
83
Let b = 11 - 25. Let f be 2/12*3*b. What are the prime factors of (f/3)/((-4)/36)?
3, 7
Let z be -1*(6 + (3 - 3)). Let r = -7 - z. Let j = 4 + r. List the prime factors of j.
3
Let j(c) = -211*c - 83. What are the prime factors of j(-7)?
2, 17, 41
List the prime factors of (-32)/(-20)*-5 + 2351.
3, 11, 71
Suppose -b + h = -455, 3*b - 2275 = -2*b + h. Let w = -202 + b. What are the prime factors of w?
11, 23
Let n be (-1 + 22/6)*93/4. Suppose 5*x = 4*f - 248, 3*x - n = -f + 2*x. What are the prime factors of f?
2, 31
Let k = 51 + -46. Suppose 6*m + 2*w + 601 = 9*m, 4*w + 1001 = k*m. What are the prime factors of m?
3, 67
Let u = -73 + 80. What are the prime factors of -80*(u/(-10) - (-8)/40)?
2, 5
Suppose 42*c - 840 = 38*c. Suppose 2*u = 5*b + 99, c = 5*u - 3*b - 9. What are the prime factors of u?
2, 3, 7
Let f be 9/(-7) + 24/84. Let g(u) = -84*u - 4. List the prime factors of g(f).
2, 5
Let b(l) = -52*l - 24. What are the prime factors of b(-10)?
2, 31
Let h(c) be the second derivative of -8*c + 79/2*c**2 + 0 + 1/6*c**3 + 0*c**4 - 1/20*c**5. What are the prime factors of h(0)?
79
Suppose -94 = 3*d - 1000. Let l = -162 + d. List the prime factors of l.
2, 5, 7
Let n(p) = -30*p + 271. List the prime factors of n(-4).
17, 23
Let c(h) = -h**3 + 4*h**2 + 2*h - 10. Let t be c(3). Suppose 0 = -t*u + 5, 2*k - 2*u + 950 = 6*k. What are the prime factors of k?
3, 79
Let p = -1 + 1. Suppose 6*q - 8*q + 0*q = 0. Suppose p = -5*t - g + 109, 4*g + g - 20 = q. List the prime factors of t.
3, 7
Suppose h - 397 = -h - i, -h = 5*i - 221. Let q = h - 137. What are the prime factors of q?
59
Let f = -908 - -930. What are the prime factors of f?
2, 11
Let l(u) = -4*u - 45. Let j be l(-18). Let n = 14 + 6. Let b = j - n. What are the prime factors of b?
7
Let g(x) = 28*x**3 + 2*x**2 + 3*x + 5. What are the prime factors of g(4)?
7, 263
Suppose 18*x - 21*x = 2*l - 666, -4*x + 5*l = -911. List the prime factors of x.
2, 7
Let t = 137 + 58. Let s = -78 + 84. Suppose -m - t = -s*m. What are the prime factors of m?
3, 13
Let i(u) = 47*u**2 + 3*u - 11. List the prime factors of i(3).
421
Let v(a) = 12*a - 84. List the prime factors of v(11).
2, 3
Suppose -2*y + 0*l + 530 = -5*l, 0 = l. List the prime factors of y.
5, 53
What are the prime factors of -4*6/36 + (-4006)/(-6)?
23, 29
List the prime factors of 1/(2/1536) - (36 - 39).
3, 257
Suppose 815 = 3*d + 218. List the prime factors of d.
199
Let n(h) = 159*h + 6. Let u(k) = 79*k + 3. Let z(b) = -3*n(b) + 7*u(b). What are the prime factors of z(1)?
79
Suppose -3*i = 11*i - 4438. List the prime factors of i.
317
What are the prime factors of (4 - (-88)/(-20))*-1940 + -4?
2, 193
Let k = 44 - 64. Let i be k/25*15/(-6). Suppose 0 = 2*h + i*h - 56. List the prime factors of h.
2, 7
Suppose -2*d - 3*v = -3767, 1861 = -3*d + 4*d - 3*v. List the prime factors of d.
2, 7, 67
Suppose -586*u = -584*u - 2664. List the prime factors of u.
2, 3, 37
What are the prime factors of (2167/33 - -4)*51?
11, 17, 19
Suppose 2*y + 10 = -2*a, 2*a - 3*y = a + 3. Let m = 2 - a. Suppose -126 = -11*u + m*u. List the prime factors of u.
3, 7
Let m(h) = 16*h - 242. List the prime factors of m(31).
2, 127
Suppose -2*d + 9 - 7 = 0. Suppose -l - 5 = -k + 7, -2*k - 3*l = d. Suppose 2*b = k*b - 290. List the prime factors of b.
2, 29
Let b be -25 + 2 + (2 - 4). Let q = b - -67. Suppose 0 = 10*c - 12*c + q. What are the prime factors of c?
3, 7
Suppose -m + 6*m = 230. Suppose 4*a + 7 = -n + m, -4*n + 2*a = -192. List the prime factors of n.
47
Suppose -17 - 9 = -2*i. Suppose 6 = g - i. List the prime factors of g.
19
Suppose 0 = 4*n - 4*l + 4, -n - 5 = -3*l. List the prime factors of 2 - (-1 - n*42).
3, 5
Let u be 1*(-18)/2*57/9. Let z = u - -84. List the prime factors of z.
3
Suppose -3*o + 460 = -704. What are the prime factors of o?
2, 97
Let n be (-265)/2*(-66)/55. Suppose 3*x = 2*x + n. List the prime factors of x.
3, 53
Suppose -2*g + 5*a = -3659, 2*g - 4019 + 375 = 2*a. List the prime factors of g.
23, 79
Let a(r) be the second derivative of r**4/6 - r**3/3 - 2*r**2 - r. Let h be a(-3). Suppose -72 = -5*c + c + 4*f, 0 = -4*f - h. What are the prime factors of c?
13
Let l(q) = -8*q**3 - 8*q**2 + 5*q + 10. Let a(c) = -c**3 + 2*c**2 - c. Let i(z) = 2*a(z) + l(z). List the prime factors of i(-3).
5, 47
Let g(l) = l**2 - 23. Let q be g(5). Suppose q*a + 4*s = -3*a + 215, -3*a = -4*s - 129. What are the prime factors of a?
43
Suppose -2*t + 4*t = -50. List the prime factors of 15/t*-5 - (1 - 124).
2, 3, 7
Let f(d) = 2*d**3 - 37*d**2 + 19*d - 22. Let b be f(18). What are the prime factors of (38/b)/(7/(-126))?
3, 19
Let k be 1/(((-12)/(-6))/((-14)/1)). Let c(n) = -31*n - 54. List the prime factors of c(k).
163
Let c(n) = 8*n**2 + 10*n + 29. Let a be c(-4). List the prime factors of ((-8)/(-18))/2 + 25597/a.
3, 73
Let d(w) = 142*w**2 - 35*w - 134. What are the prime factors of d(-4)?
2, 17, 67
What are the prime factors of 24/10*(-1990)/(-6)?
2, 199
Suppose -2 = 2*s - 0*s, 4*b + 2*s - 6 = 0. Suppose 0 = -b*t + 8 - 0. Suppose -t*r - r + 70 = 0. What are the prime factors of r?
2, 7
Suppose -5*u - 4 = 6. Let h(j) = -13*j**3 + j**2 + 2*j + 2. What are the prime factors of h(u)?
2, 53
What are the prime facto